et f(z) = 29*z**2 - 8*z + 6. Let s be f(-3). Calculate the highest common divisor of s and 1649.
97
Let i(k) = -k + 7. Let p be i(-5). Let v be ((-45450)/126)/(-25) + 3/(-7). Calculate the highest common divisor of p and v.
2
Let n(b) = -36*b + 330. Let q be n(8). Suppose -p = 4*m - 1122, -q*p + 37*p = -2*m - 5500. What is the highest common divisor of p and 38?
38
Suppose -51*t - 114 = -55*t + 3*n, 64 = 2*t + 2*n. Let d be (-34)/(-10) - 2/5. Suppose q + t = d*q. Calculate the greatest common divisor of q and 10.
5
Suppose 10 = 4*x + h, 0*x - 4*h = -3*x + 17. Let r be 14*x*(-8)/(-24). Suppose -11*b - 279 = -r*b. Calculate the greatest common divisor of 31 and b.
31
Suppose -3*m - 81 = -2*i - 27, -5*m = -4*i + 104. What is the greatest common factor of 10752 and i?
21
Let u(p) = p + 9. Let d be u(-9). Suppose -2*l + 3*t + 689 = d, 12*l - 2*t + 362 = 13*l. Calculate the highest common divisor of 44 and l.
44
Let y = -1878 - -6962. Calculate the highest common divisor of 82 and y.
82
Suppose -26 = -10*h + 17 + 7. Calculate the greatest common factor of 47 and h.
1
Let n be (0 - (-5 - (-3 - -1))) + 6. Suppose 0 = 23*q - 20*q - n. Let r be (3/(-2))/((-3)/6). What is the greatest common divisor of r and q?
3
Suppose 0 = 15*t - 153 - 27. Let o = 79 + -28. Suppose 81 = y - o. What is the highest common divisor of y and t?
12
Suppose 16 = 5*a - 4. Let m be (a*5/6)/((-3)/18). Let l be 3/(27/488) - m/(-90). Calculate the highest common factor of 36 and l.
18
Let i(d) = d**3 - d**2 + 3*d + 3. Let u be i(3). Suppose h = 2*q - 3*h - 134, -8 = -2*h. What is the greatest common factor of q and u?
15
Suppose -6630 = -16*s - 39*s + 38*s. Calculate the greatest common divisor of 15405 and s.
195
Let o = 9426 - 1914. Calculate the greatest common divisor of 48 and o.
24
Let j = 42 - -18. Suppose -n - 2*i + 29 + 1 = 0, 2*n = i + j. Let w = -14 + 24. What is the greatest common divisor of n and w?
10
Let f be ((-28)/10)/(16 - (-17298)/(-1080)). Calculate the greatest common factor of 1722 and f.
42
Let k = -727 + 729. Suppose -k*u + 7 = -n - 57, 4*n = -3*u + 85. What is the highest common factor of u and 31?
31
Let o(z) = 8*z - 186. Let j be o(21). Let u(d) = -d**2 - 11*d + 167. Let w be u(j). What is the greatest common divisor of 123 and w?
41
Let w = -4358 - -4441. Calculate the greatest common factor of w and 3901.
83
Suppose 110*s + 157248 = 164*s. What is the highest common factor of 8 and s?
8
Suppose 0 = 179*y - 213*y + 7276. Calculate the greatest common divisor of y and 9202.
214
Suppose 34*m + 1637 + 1641 = 4196. Let j be ((-9)/4)/(2/(-96)). Calculate the highest common factor of j and m.
27
Let v = 2 + -1. Let g be (2 + 18 - 3) + v. Suppose 21*b - g*b = 72. What is the highest common divisor of 60 and b?
12
Let g be (0 - -18)*(-10)/(-6). Let u = 4919 + -4799. Calculate the greatest common divisor of u and g.
30
Suppose -135 = -4*v - r + 4*r, 2*r = 2*v - 70. Calculate the highest common factor of v and 66.
6
Let a = 4 - -122. Let m = a + -75. Let q = m - 31. What is the greatest common divisor of 40 and q?
20
Let a be (((-12)/(-10))/2)/(67/335). Let g be (-5 + a)*(-7 + 2). What is the highest common divisor of 90 and g?
10
Let u be 890/12 - 197/1182. What is the greatest common divisor of u and 4?
2
Let c(d) = 21*d**2 + 5*d - 12. Let u be c(-5). Suppose 1392 = 98*h - 4*h + 80*h. Calculate the highest common factor of h and u.
8
Let o(r) = 29*r + 9. Let v be o(7). Let j = 31631 - 31578. Calculate the greatest common factor of j and v.
53
Let u = -164 + 173. Suppose -u*z = -92 - 88. Let f = 147 + -77. What is the greatest common divisor of f and z?
10
Let o be (9/4)/((-78)/(-208)). Let g be 1/(-4) + (-13)/(-4). Suppose 45 = g*h + o*h. Calculate the highest common divisor of h and 15.
5
Let y(g) = -g**3 + 7*g**2 - 2*g + 12. Let s be y(5). Suppose -6 + 54 = 4*r. Let u be ((-6)/r)/((-2)/s). What is the greatest common divisor of u and 26?
13
Let a(k) = -196*k - 1. Let c be a(1). Suppose -3*l = 5*p + 294, -99 = l - 0*l + 2*p. Let b = l - c. What is the highest common factor of 13 and b?
13
Suppose -19556 = -4*r + 4*c, 2*c + 1536 = r - 3351. Calculate the highest common factor of r and 335.
67
Let d(z) = 26*z - 64. Let c be d(11). Let r be (-66)/(-54)*c + (-4)/3. What is the greatest common factor of r and 30?
30
Let b be 92/16 - 7/(-28). Suppose -23*y + 25*y = b. What is the greatest common divisor of y and 5?
1
Let z be -5 + 1 + (2 - -1) + 10. Suppose 11*a + 150 = z*a. Let m = 102 + a. Calculate the greatest common divisor of 36 and m.
9
Suppose -4*p + 3*m = -662 - 1077, 0 = -4*p - 4*m + 1760. Let x = 811 - p. Calculate the greatest common factor of 68 and x.
34
Suppose -12*b + 5022 = -17*b + 11*b. What is the greatest common factor of b and 1581?
93
Let r(w) = -w**3 + 2*w**2 + 2*w - 1. Suppose 1 = 5*p - 9. Let h be r(p). Suppose 11 = h*z + 2. What is the greatest common divisor of 12 and z?
3
Suppose 564 = 4*r + 88. Let k = r + -84. Suppose -4*q + 9 = -11. Calculate the highest common factor of q and k.
5
Let y be 40/(-50)*(-10)/(-4)*-1. Let v = -67 - -132. Suppose v = y*b + 3*b. What is the highest common factor of 26 and b?
13
Suppose -3*p = -5*i + 2*i - 15, 5*i + 3*p - 15 = 0. Suppose i = -h - 11*h + 6468. Calculate the greatest common factor of h and 77.
77
Let g = 77 + 91. Suppose g = 14*d - 2*d. Calculate the highest common divisor of 21 and d.
7
Suppose -83 = -4*d + 109. Suppose -3*b + 4*a = -149 + 85, 2*a = b - 16. Calculate the greatest common divisor of d and b.
16
Let t = -484 + 539. Let a = 72 - 61. Calculate the greatest common divisor of a and t.
11
Suppose 0 = -6*d - 8*d. Suppose d = 5*g + 3*c - 61, 26 + 39 = 4*g - 3*c. Let q = -19 - -40. What is the highest common divisor of g and q?
7
Suppose 68*i = 74*i - 96 - 6. Let w = -9 - -26. Calculate the greatest common divisor of w and i.
17
Suppose 42*u - 970 = -58 - 72. What is the greatest common factor of u and 160?
20
Let s = -18709 - -18812. Calculate the greatest common divisor of 8343 and s.
103
Suppose 2*z - 6 = -2. Suppose s + 108 = z*s. Let m = -216 + 240. What is the highest common divisor of m and s?
12
Suppose -23*h = -26*h. Let u be (-32 - -3)*((-16)/4 - h). Suppose -d = -5*d - 5*i + 111, 3*d - i - 88 = 0. Calculate the highest common divisor of u and d.
29
Let a(o) = -4*o - 46. Let k be a(-12). Suppose k*x - 3*r = 27, -5*x + 21 + 57 = -4*r. Calculate the greatest common factor of x and 144.
18
Suppose 0 = -5*m, 0 = -3*p - 0*m - 5*m + 45. Let d = p + -14. What is the highest common divisor of d and 5?
1
Let r be (-36)/(-6*3/81). What is the greatest common divisor of r and 6?
6
Let v(s) = 3*s**2 + 4*s + 2. Let j be v(-2). Let k = 1259 + -1257. What is the greatest common divisor of k and j?
2
Suppose 658*x = 668*x - 240. What is the greatest common divisor of x and 52?
4
Let z = -687 - -786. Let w be -1 + 12 + 0/(-4). What is the highest common divisor of z and w?
11
Let f(q) = 361*q**2 - 33*q + 1. Let n be f(1). What is the highest common divisor of 94 and n?
47
Suppose -5*w = 23 - 78. Suppose w*f = 10*f + v + 69, -345 = -5*f - 5*v. Calculate the greatest common divisor of 621 and f.
69
Let g(b) = -30*b - 6. Let z be g(-5). Let q be 1/(-2)*(29 + -23)*-3. Calculate the greatest common divisor of q and z.
9
Let v be (-16)/6 - 42600/(-639). Calculate the greatest common factor of 1472 and v.
64
Suppose c + 3*u - 98 = 0, 44 = c + 5*u - 56. Suppose -3*z - p + 192 = 0, -c - 115 = -3*z + 5*p. Calculate the highest common factor of 715 and z.
65
Let r be (18/8)/((-27)/(-432)). Calculate the highest common factor of r and 99.
9
Suppose p = 5*t - 9, -p + 11 = -0*p - t. Suppose 2*v + 4 = 5*h, -3*h = 4*v - 6*v. Suppose 0 = c - 6 - h. What is the greatest common divisor of c and p?
8
Let q = 30 + -45. Let y = 9 + q. Let j(l) = -5*l - 26. Let t be j(y). Calculate the highest common divisor of 1 and t.
1
Let c(h) = h**3 + 7*h**2 + 10*h - 2. Suppose 61*k - 63*k = 6. Let s be c(k). What is the highest common divisor of 28 and s?
4
Suppose 3*f = 4*t + 13, 3*f = -184*t + 180*t + 5. Let l be 4/(-6) + (-2)/(-3). Suppose l = f*i - 2*i - 168. What is the greatest common divisor of i and 24?
24
Let j = -45 + 90. Let v = -172 + 171. Let q be 15 + -17 + (-7)/v. What is the highest common divisor of j and